{"id":2125,"date":"2025-02-06T09:14:45","date_gmt":"2025-02-06T08:14:45","guid":{"rendered":"https:\/\/carolaclavo.com\/site\/?page_id=2125"},"modified":"2025-02-06T09:21:56","modified_gmt":"2025-02-06T08:21:56","slug":"2125-2","status":"publish","type":"page","link":"https:\/\/carolaclavo.com\/site\/2125-2\/","title":{"rendered":"Sobre m\u00ed"},"content":{"rendered":"<p>\u00bfQu\u00e9 decir acerca de m\u00ed? Estudi\u00e9 Comunicaci\u00f3n Gr\u00e1fica y Publicitaria en Blau Escola de Disseny y hace m\u00e1s de 15 a\u00f1os que trabajo en el mundo gr\u00e1fico. Dise\u00f1adora <em>offline<\/em> en origen, me he ido adaptando al dise\u00f1o <em>online<\/em>, pues internet es una herramienta central en mi vida diaria.<\/p>\n<p>He trabajado para empresas editoriales, de publicidad, estudios de dise\u00f1o y he colaborado con\u00a0otros tantos profesionales (maquetadores, programadores, ilustradores, grafistas\u00a03D\u2026). Soy una persona met\u00f3dica y organizada.<\/p>\n<p>Actualmente trabajo en el \u00e1rea de Contenidos en el departamento eCommerce de <a href=\"http:\/\/www.barcelo.com\">Barcel\u00f3 Hotel Group<\/a>.<\/p>\n<p>En mis ratos libres soy QA con <a href=\"https:\/\/testlio.com\">Testlio<\/a>.<\/p>\n<p>Durante mucho tiempo particip\u00e9 activamente como Moderadora y Language Leader en la <a href=\"http:\/\/answers.microsoft.com\/es-es\/skype\/forum\">Comunidad Oficial de usuarios de Skype<\/a>. Adem\u00e1s, localic\u00e9 voluntariamente Skype al espa\u00f1ol para Mac e iOS durante ocho a\u00f1os. Tambi\u00e9n he colaborado en diversas publicaciones online, comunidades y redes sociales.<\/p>\n<p>Me encantan <a href=\"https:\/\/vine.co\/CarolaClavo\">los gatos<\/a>, los gadgets de todo tipo, cocinar, la m\u00fasica, las pelis, conducir, conversar y sobre todo, disfrutar de los peque\u00f1os momentos.<\/p>\n<p>Puedes enviarme una invitaci\u00f3n para <a href=\"http:\/\/www.linkedin.com\/in\/carolaclavo\">contactar en Linkedin<\/a>, si lo deseas. Expl\u00edcame algo, por favor (ignoro las invitaciones gen\u00e9ricas de desconocidos).<\/p>\n","protected":false},"excerpt":{"rendered":"<p>\u00bfQu\u00e9 decir acerca de m\u00ed? Estudi\u00e9 Comunicaci\u00f3n Gr\u00e1fica y Publicitaria en Blau Escola de Disseny y hace m\u00e1s de 15 a\u00f1os que trabajo en el mundo gr\u00e1fico. Dise\u00f1adora offline en origen, me he ido adaptando al dise\u00f1o online, pues internet es una herramienta central en mi vida diaria. He trabajado para empresas editoriales, de publicidad, [&hellip;]<\/p>\n","protected":false},"author":1,"featured_media":0,"parent":0,"menu_order":0,"comment_status":"closed","ping_status":"closed","template":"","meta":{"footnotes":""},"class_list":["post-2125","page","type-page","status-publish","hentry"],"yoast_head":"<!-- This site is optimized with the Yoast SEO plugin v26.8 - https:\/\/yoast.com\/product\/yoast-seo-wordpress\/ -->\n<title>Sobre m\u00ed - Carola Clavo<\/title>\n<meta name=\"robots\" content=\"index, follow, max-snippet:-1, max-image-preview:large, max-video-preview:-1\" \/>\n<link rel=\"canonical\" href=\"https:\/\/carolaclavo.com\/site\/2125-2\/\" \/>\n<meta property=\"og:locale\" content=\"es_ES\" \/>\n<meta property=\"og:type\" content=\"article\" \/>\n<meta property=\"og:title\" content=\"Sobre m\u00ed - Carola Clavo\" \/>\n<meta property=\"og:description\" content=\"\u00bfQu\u00e9 decir acerca de m\u00ed? Estudi\u00e9 Comunicaci\u00f3n Gr\u00e1fica y Publicitaria en Blau Escola de Disseny y hace m\u00e1s de 15 a\u00f1os que trabajo en el mundo gr\u00e1fico. Dise\u00f1adora offline en origen, me he ido adaptando al dise\u00f1o online, pues internet es una herramienta central en mi vida diaria. He trabajado para empresas editoriales, de publicidad, [&hellip;]\" \/>\n<meta property=\"og:url\" content=\"https:\/\/carolaclavo.com\/site\/2125-2\/\" \/>\n<meta property=\"og:site_name\" content=\"Carola Clavo\" \/>\n<meta property=\"article:modified_time\" content=\"2025-02-06T08:21:56+00:00\" \/>\n<meta name=\"twitter:card\" content=\"summary_large_image\" \/>\n<meta name=\"twitter:label1\" content=\"Tiempo de lectura\" \/>\n\t<meta name=\"twitter:data1\" content=\"1 minuto\" \/>\n<script type=\"application\/ld+json\" class=\"yoast-schema-graph\">{\"@context\":\"https:\/\/schema.org\",\"@graph\":[{\"@type\":\"WebPage\",\"@id\":\"https:\/\/carolaclavo.com\/site\/2125-2\/\",\"url\":\"https:\/\/carolaclavo.com\/site\/2125-2\/\",\"name\":\"Sobre m\u00ed - Carola Clavo\",\"isPartOf\":{\"@id\":\"https:\/\/carolaclavo.com\/site\/#website\"},\"datePublished\":\"2025-02-06T08:14:45+00:00\",\"dateModified\":\"2025-02-06T08:21:56+00:00\",\"breadcrumb\":{\"@id\":\"https:\/\/carolaclavo.com\/site\/2125-2\/#breadcrumb\"},\"inLanguage\":\"es\",\"potentialAction\":[{\"@type\":\"ReadAction\",\"target\":[\"https:\/\/carolaclavo.com\/site\/2125-2\/\"]}]},{\"@type\":\"BreadcrumbList\",\"@id\":\"https:\/\/carolaclavo.com\/site\/2125-2\/#breadcrumb\",\"itemListElement\":[{\"@type\":\"ListItem\",\"position\":1,\"name\":\"Portada\",\"item\":\"https:\/\/carolaclavo.com\/site\/\"},{\"@type\":\"ListItem\",\"position\":2,\"name\":\"Sobre m\u00ed\"}]},{\"@type\":\"WebSite\",\"@id\":\"https:\/\/carolaclavo.com\/site\/#website\",\"url\":\"https:\/\/carolaclavo.com\/site\/\",\"name\":\"Carola Clavo\",\"description\":\"Dise\u00f1o, ilustraci\u00f3n, p\u00edxels y m\u00e1s\",\"publisher\":{\"@id\":\"https:\/\/carolaclavo.com\/site\/#\/schema\/person\/72b5fbb580873429fe749020ab9af59c\"},\"potentialAction\":[{\"@type\":\"SearchAction\",\"target\":{\"@type\":\"EntryPoint\",\"urlTemplate\":\"https:\/\/carolaclavo.com\/site\/?s={search_term_string}\"},\"query-input\":{\"@type\":\"PropertyValueSpecification\",\"valueRequired\":true,\"valueName\":\"search_term_string\"}}],\"inLanguage\":\"es\"},{\"@type\":[\"Person\",\"Organization\"],\"@id\":\"https:\/\/carolaclavo.com\/site\/#\/schema\/person\/72b5fbb580873429fe749020ab9af59c\",\"name\":\"carolaclavo\",\"image\":{\"@type\":\"ImageObject\",\"inLanguage\":\"es\",\"@id\":\"https:\/\/carolaclavo.com\/site\/#\/schema\/person\/image\/\",\"url\":\"http:\/\/carolaclavo.com\/site\/wp-content\/uploads\/2020\/01\/Yo-Recortada2016.png\",\"contentUrl\":\"http:\/\/carolaclavo.com\/site\/wp-content\/uploads\/2020\/01\/Yo-Recortada2016.png\",\"width\":591,\"height\":691,\"caption\":\"carolaclavo\"},\"logo\":{\"@id\":\"https:\/\/carolaclavo.com\/site\/#\/schema\/person\/image\/\"}}]}<\/script>\n<!-- \/ Yoast SEO plugin. -->","yoast_head_json":{"title":"Sobre m\u00ed - Carola Clavo","robots":{"index":"index","follow":"follow","max-snippet":"max-snippet:-1","max-image-preview":"max-image-preview:large","max-video-preview":"max-video-preview:-1"},"canonical":"https:\/\/carolaclavo.com\/site\/2125-2\/","og_locale":"es_ES","og_type":"article","og_title":"Sobre m\u00ed - Carola Clavo","og_description":"\u00bfQu\u00e9 decir acerca de m\u00ed? Estudi\u00e9 Comunicaci\u00f3n Gr\u00e1fica y Publicitaria en Blau Escola de Disseny y hace m\u00e1s de 15 a\u00f1os que trabajo en el mundo gr\u00e1fico. Dise\u00f1adora offline en origen, me he ido adaptando al dise\u00f1o online, pues internet es una herramienta central en mi vida diaria. He trabajado para empresas editoriales, de publicidad, [&hellip;]","og_url":"https:\/\/carolaclavo.com\/site\/2125-2\/","og_site_name":"Carola Clavo","article_modified_time":"2025-02-06T08:21:56+00:00","twitter_card":"summary_large_image","twitter_misc":{"Tiempo de lectura":"1 minuto"},"schema":{"@context":"https:\/\/schema.org","@graph":[{"@type":"WebPage","@id":"https:\/\/carolaclavo.com\/site\/2125-2\/","url":"https:\/\/carolaclavo.com\/site\/2125-2\/","name":"Sobre m\u00ed - Carola Clavo","isPartOf":{"@id":"https:\/\/carolaclavo.com\/site\/#website"},"datePublished":"2025-02-06T08:14:45+00:00","dateModified":"2025-02-06T08:21:56+00:00","breadcrumb":{"@id":"https:\/\/carolaclavo.com\/site\/2125-2\/#breadcrumb"},"inLanguage":"es","potentialAction":[{"@type":"ReadAction","target":["https:\/\/carolaclavo.com\/site\/2125-2\/"]}]},{"@type":"BreadcrumbList","@id":"https:\/\/carolaclavo.com\/site\/2125-2\/#breadcrumb","itemListElement":[{"@type":"ListItem","position":1,"name":"Portada","item":"https:\/\/carolaclavo.com\/site\/"},{"@type":"ListItem","position":2,"name":"Sobre m\u00ed"}]},{"@type":"WebSite","@id":"https:\/\/carolaclavo.com\/site\/#website","url":"https:\/\/carolaclavo.com\/site\/","name":"Carola Clavo","description":"Dise\u00f1o, ilustraci\u00f3n, p\u00edxels y m\u00e1s","publisher":{"@id":"https:\/\/carolaclavo.com\/site\/#\/schema\/person\/72b5fbb580873429fe749020ab9af59c"},"potentialAction":[{"@type":"SearchAction","target":{"@type":"EntryPoint","urlTemplate":"https:\/\/carolaclavo.com\/site\/?s={search_term_string}"},"query-input":{"@type":"PropertyValueSpecification","valueRequired":true,"valueName":"search_term_string"}}],"inLanguage":"es"},{"@type":["Person","Organization"],"@id":"https:\/\/carolaclavo.com\/site\/#\/schema\/person\/72b5fbb580873429fe749020ab9af59c","name":"carolaclavo","image":{"@type":"ImageObject","inLanguage":"es","@id":"https:\/\/carolaclavo.com\/site\/#\/schema\/person\/image\/","url":"http:\/\/carolaclavo.com\/site\/wp-content\/uploads\/2020\/01\/Yo-Recortada2016.png","contentUrl":"http:\/\/carolaclavo.com\/site\/wp-content\/uploads\/2020\/01\/Yo-Recortada2016.png","width":591,"height":691,"caption":"carolaclavo"},"logo":{"@id":"https:\/\/carolaclavo.com\/site\/#\/schema\/person\/image\/"}}]}},"_links":{"self":[{"href":"https:\/\/carolaclavo.com\/site\/wp-json\/wp\/v2\/pages\/2125","targetHints":{"allow":["GET"]}}],"collection":[{"href":"https:\/\/carolaclavo.com\/site\/wp-json\/wp\/v2\/pages"}],"about":[{"href":"https:\/\/carolaclavo.com\/site\/wp-json\/wp\/v2\/types\/page"}],"author":[{"embeddable":true,"href":"https:\/\/carolaclavo.com\/site\/wp-json\/wp\/v2\/users\/1"}],"replies":[{"embeddable":true,"href":"https:\/\/carolaclavo.com\/site\/wp-json\/wp\/v2\/comments?post=2125"}],"version-history":[{"count":0,"href":"https:\/\/carolaclavo.com\/site\/wp-json\/wp\/v2\/pages\/2125\/revisions"}],"wp:attachment":[{"href":"https:\/\/carolaclavo.com\/site\/wp-json\/wp\/v2\/media?parent=2125"}],"curies":[{"name":"wp","href":"https:\/\/api.w.org\/{rel}","templated":true}]}}