{"id":2135,"date":"2025-02-06T09:32:02","date_gmt":"2025-02-06T08:32:02","guid":{"rendered":"https:\/\/carolaclavo.com\/site\/?page_id=2135"},"modified":"2025-02-06T09:33:10","modified_gmt":"2025-02-06T08:33:10","slug":"contacto-2","status":"publish","type":"page","link":"https:\/\/carolaclavo.com\/site\/contacto-2\/","title":{"rendered":"Contacto"},"content":{"rendered":"\n<div class=\"wpcf7 no-js\" id=\"wpcf7-f2008-o1\" lang=\"es-ES\" dir=\"ltr\" data-wpcf7-id=\"2008\">\n<div class=\"screen-reader-response\"><p role=\"status\" aria-live=\"polite\" aria-atomic=\"true\"><\/p> <ul><\/ul><\/div>\n<form action=\"\/site\/wp-json\/wp\/v2\/pages\/2135#wpcf7-f2008-o1\" method=\"post\" class=\"wpcf7-form init\" aria-label=\"Formulario de contacto\" novalidate=\"novalidate\" data-status=\"init\">\n<fieldset class=\"hidden-fields-container\"><input type=\"hidden\" name=\"_wpcf7\" value=\"2008\" \/><input type=\"hidden\" name=\"_wpcf7_version\" value=\"6.1.5\" \/><input type=\"hidden\" name=\"_wpcf7_locale\" value=\"es_ES\" \/><input type=\"hidden\" name=\"_wpcf7_unit_tag\" value=\"wpcf7-f2008-o1\" \/><input type=\"hidden\" name=\"_wpcf7_container_post\" value=\"0\" \/><input type=\"hidden\" name=\"_wpcf7_posted_data_hash\" value=\"\" \/><input type=\"hidden\" name=\"_wpcf7_recaptcha_response\" value=\"\" \/>\n<\/fieldset>\n<p><label> Tu nombre (obligatorio)<br \/>\n<span class=\"wpcf7-form-control-wrap\" data-name=\"your-name\"><input size=\"40\" maxlength=\"400\" class=\"wpcf7-form-control wpcf7-text wpcf7-validates-as-required\" aria-required=\"true\" aria-invalid=\"false\" value=\"\" type=\"text\" name=\"your-name\" \/><\/span> <\/label>\n<\/p>\n<p><label> Tu correo electr\u00f3nico (obligatorio)<br \/>\n<span class=\"wpcf7-form-control-wrap\" data-name=\"your-email\"><input size=\"40\" maxlength=\"400\" class=\"wpcf7-form-control wpcf7-email wpcf7-validates-as-required wpcf7-text wpcf7-validates-as-email\" aria-required=\"true\" aria-invalid=\"false\" value=\"\" type=\"email\" name=\"your-email\" \/><\/span> <\/label>\n<\/p>\n<p><label> Asunto<br \/>\n<span class=\"wpcf7-form-control-wrap\" data-name=\"your-subject\"><input size=\"40\" maxlength=\"400\" class=\"wpcf7-form-control wpcf7-text\" aria-invalid=\"false\" value=\"\" type=\"text\" name=\"your-subject\" \/><\/span> <\/label>\n<\/p>\n<p><label> Tu mensaje<br \/>\n<span class=\"wpcf7-form-control-wrap\" data-name=\"your-message\"><textarea cols=\"40\" rows=\"10\" maxlength=\"2000\" class=\"wpcf7-form-control wpcf7-textarea\" aria-invalid=\"false\" name=\"your-message\"><\/textarea><\/span> <\/label><br \/>\n<strong>La disponibilidad de este formulario no supone mi consentimiento para recibir ning\u00fan tipo de oferta publicitaria o comercial.<br \/>\n\u00a1Por favor, no env\u00edes spam! <\/strong><br \/>\nEl env\u00edo de spam o mensajes comerciales sin el consentimiento previo est\u00e1 prohibido por la legislaci\u00f3n espa\u00f1ola, tanto por la Ley 34\/2002 de Servicios de la Sociedad de la Informaci\u00f3n como por la Ley Org\u00e1nica 15\/1999 de 13 de diciembre de Protecci\u00f3n de Datos.\n<\/p>\n<p><input class=\"wpcf7-form-control wpcf7-submit has-spinner\" type=\"submit\" value=\"Enviar\" \/>\n<\/p><p style=\"display: none !important;\" class=\"akismet-fields-container\" data-prefix=\"_wpcf7_ak_\"><label>&#916;<textarea name=\"_wpcf7_ak_hp_textarea\" cols=\"45\" rows=\"8\" maxlength=\"100\"><\/textarea><\/label><input type=\"hidden\" id=\"ak_js_1\" name=\"_wpcf7_ak_js\" value=\"238\"\/><script>document.getElementById( \"ak_js_1\" ).setAttribute( \"value\", ( new Date() ).getTime() );<\/script><\/p><div class=\"wpcf7-response-output\" aria-hidden=\"true\"><\/div>\n<\/form>\n<\/div>\n\n\n\n\n<p><\/p>\n","protected":false},"excerpt":{"rendered":"","protected":false},"author":1,"featured_media":0,"parent":0,"menu_order":0,"comment_status":"closed","ping_status":"closed","template":"","meta":{"footnotes":""},"class_list":["post-2135","page","type-page","status-publish","hentry"],"yoast_head":"<!-- This site is optimized with the Yoast SEO plugin v26.8 - https:\/\/yoast.com\/product\/yoast-seo-wordpress\/ -->\n<title>Contacto - Carola Clavo<\/title>\n<meta name=\"robots\" content=\"index, follow, max-snippet:-1, max-image-preview:large, max-video-preview:-1\" \/>\n<link rel=\"canonical\" href=\"https:\/\/carolaclavo.com\/site\/contacto-2\/\" \/>\n<meta property=\"og:locale\" content=\"es_ES\" \/>\n<meta property=\"og:type\" content=\"article\" \/>\n<meta property=\"og:title\" content=\"Contacto - Carola Clavo\" \/>\n<meta property=\"og:url\" content=\"https:\/\/carolaclavo.com\/site\/contacto-2\/\" \/>\n<meta property=\"og:site_name\" content=\"Carola Clavo\" \/>\n<meta property=\"article:modified_time\" content=\"2025-02-06T08:33:10+00:00\" \/>\n<meta name=\"twitter:card\" content=\"summary_large_image\" \/>\n<script type=\"application\/ld+json\" class=\"yoast-schema-graph\">{\"@context\":\"https:\/\/schema.org\",\"@graph\":[{\"@type\":\"WebPage\",\"@id\":\"https:\/\/carolaclavo.com\/site\/contacto-2\/\",\"url\":\"https:\/\/carolaclavo.com\/site\/contacto-2\/\",\"name\":\"Contacto - Carola Clavo\",\"isPartOf\":{\"@id\":\"https:\/\/carolaclavo.com\/site\/#website\"},\"datePublished\":\"2025-02-06T08:32:02+00:00\",\"dateModified\":\"2025-02-06T08:33:10+00:00\",\"breadcrumb\":{\"@id\":\"https:\/\/carolaclavo.com\/site\/contacto-2\/#breadcrumb\"},\"inLanguage\":\"es\",\"potentialAction\":[{\"@type\":\"ReadAction\",\"target\":[\"https:\/\/carolaclavo.com\/site\/contacto-2\/\"]}]},{\"@type\":\"BreadcrumbList\",\"@id\":\"https:\/\/carolaclavo.com\/site\/contacto-2\/#breadcrumb\",\"itemListElement\":[{\"@type\":\"ListItem\",\"position\":1,\"name\":\"Portada\",\"item\":\"https:\/\/carolaclavo.com\/site\/\"},{\"@type\":\"ListItem\",\"position\":2,\"name\":\"Contacto\"}]},{\"@type\":\"WebSite\",\"@id\":\"https:\/\/carolaclavo.com\/site\/#website\",\"url\":\"https:\/\/carolaclavo.com\/site\/\",\"name\":\"Carola Clavo\",\"description\":\"Dise\u00f1o, ilustraci\u00f3n, p\u00edxels y m\u00e1s\",\"publisher\":{\"@id\":\"https:\/\/carolaclavo.com\/site\/#\/schema\/person\/72b5fbb580873429fe749020ab9af59c\"},\"potentialAction\":[{\"@type\":\"SearchAction\",\"target\":{\"@type\":\"EntryPoint\",\"urlTemplate\":\"https:\/\/carolaclavo.com\/site\/?s={search_term_string}\"},\"query-input\":{\"@type\":\"PropertyValueSpecification\",\"valueRequired\":true,\"valueName\":\"search_term_string\"}}],\"inLanguage\":\"es\"},{\"@type\":[\"Person\",\"Organization\"],\"@id\":\"https:\/\/carolaclavo.com\/site\/#\/schema\/person\/72b5fbb580873429fe749020ab9af59c\",\"name\":\"carolaclavo\",\"image\":{\"@type\":\"ImageObject\",\"inLanguage\":\"es\",\"@id\":\"https:\/\/carolaclavo.com\/site\/#\/schema\/person\/image\/\",\"url\":\"http:\/\/carolaclavo.com\/site\/wp-content\/uploads\/2020\/01\/Yo-Recortada2016.png\",\"contentUrl\":\"http:\/\/carolaclavo.com\/site\/wp-content\/uploads\/2020\/01\/Yo-Recortada2016.png\",\"width\":591,\"height\":691,\"caption\":\"carolaclavo\"},\"logo\":{\"@id\":\"https:\/\/carolaclavo.com\/site\/#\/schema\/person\/image\/\"}}]}<\/script>\n<!-- \/ Yoast SEO plugin. -->","yoast_head_json":{"title":"Contacto - Carola Clavo","robots":{"index":"index","follow":"follow","max-snippet":"max-snippet:-1","max-image-preview":"max-image-preview:large","max-video-preview":"max-video-preview:-1"},"canonical":"https:\/\/carolaclavo.com\/site\/contacto-2\/","og_locale":"es_ES","og_type":"article","og_title":"Contacto - Carola Clavo","og_url":"https:\/\/carolaclavo.com\/site\/contacto-2\/","og_site_name":"Carola Clavo","article_modified_time":"2025-02-06T08:33:10+00:00","twitter_card":"summary_large_image","schema":{"@context":"https:\/\/schema.org","@graph":[{"@type":"WebPage","@id":"https:\/\/carolaclavo.com\/site\/contacto-2\/","url":"https:\/\/carolaclavo.com\/site\/contacto-2\/","name":"Contacto - Carola Clavo","isPartOf":{"@id":"https:\/\/carolaclavo.com\/site\/#website"},"datePublished":"2025-02-06T08:32:02+00:00","dateModified":"2025-02-06T08:33:10+00:00","breadcrumb":{"@id":"https:\/\/carolaclavo.com\/site\/contacto-2\/#breadcrumb"},"inLanguage":"es","potentialAction":[{"@type":"ReadAction","target":["https:\/\/carolaclavo.com\/site\/contacto-2\/"]}]},{"@type":"BreadcrumbList","@id":"https:\/\/carolaclavo.com\/site\/contacto-2\/#breadcrumb","itemListElement":[{"@type":"ListItem","position":1,"name":"Portada","item":"https:\/\/carolaclavo.com\/site\/"},{"@type":"ListItem","position":2,"name":"Contacto"}]},{"@type":"WebSite","@id":"https:\/\/carolaclavo.com\/site\/#website","url":"https:\/\/carolaclavo.com\/site\/","name":"Carola Clavo","description":"Dise\u00f1o, ilustraci\u00f3n, p\u00edxels y m\u00e1s","publisher":{"@id":"https:\/\/carolaclavo.com\/site\/#\/schema\/person\/72b5fbb580873429fe749020ab9af59c"},"potentialAction":[{"@type":"SearchAction","target":{"@type":"EntryPoint","urlTemplate":"https:\/\/carolaclavo.com\/site\/?s={search_term_string}"},"query-input":{"@type":"PropertyValueSpecification","valueRequired":true,"valueName":"search_term_string"}}],"inLanguage":"es"},{"@type":["Person","Organization"],"@id":"https:\/\/carolaclavo.com\/site\/#\/schema\/person\/72b5fbb580873429fe749020ab9af59c","name":"carolaclavo","image":{"@type":"ImageObject","inLanguage":"es","@id":"https:\/\/carolaclavo.com\/site\/#\/schema\/person\/image\/","url":"http:\/\/carolaclavo.com\/site\/wp-content\/uploads\/2020\/01\/Yo-Recortada2016.png","contentUrl":"http:\/\/carolaclavo.com\/site\/wp-content\/uploads\/2020\/01\/Yo-Recortada2016.png","width":591,"height":691,"caption":"carolaclavo"},"logo":{"@id":"https:\/\/carolaclavo.com\/site\/#\/schema\/person\/image\/"}}]}},"_links":{"self":[{"href":"https:\/\/carolaclavo.com\/site\/wp-json\/wp\/v2\/pages\/2135","targetHints":{"allow":["GET"]}}],"collection":[{"href":"https:\/\/carolaclavo.com\/site\/wp-json\/wp\/v2\/pages"}],"about":[{"href":"https:\/\/carolaclavo.com\/site\/wp-json\/wp\/v2\/types\/page"}],"author":[{"embeddable":true,"href":"https:\/\/carolaclavo.com\/site\/wp-json\/wp\/v2\/users\/1"}],"replies":[{"embeddable":true,"href":"https:\/\/carolaclavo.com\/site\/wp-json\/wp\/v2\/comments?post=2135"}],"version-history":[{"count":0,"href":"https:\/\/carolaclavo.com\/site\/wp-json\/wp\/v2\/pages\/2135\/revisions"}],"wp:attachment":[{"href":"https:\/\/carolaclavo.com\/site\/wp-json\/wp\/v2\/media?parent=2135"}],"curies":[{"name":"wp","href":"https:\/\/api.w.org\/{rel}","templated":true}]}}